
False
Is 41161 composite?
False
Is 10279 a composite number?
True
Is 161 composite?
True
Is 142599 prime?
False
Is 1492369 a composite number?
True
Is 21557 a prime number?
True
Is 37357 a composite number?
False
Is 144787 composite?
True
Is 1961 composite?
True
Is 1119 composite?
True
Is 12889 a prime number?
True
Is 3452123 a prime number?
False
Is 3935 prime?
False
Is 70039 prime?
True
Is 144563 composite?
False
Is 279203 a prime number?
True
Is 2317 prime?
False
Is 2101 a composite number?
True
Is 378733 prime?
True
Is 6382 a prime number?
False
Is 97979 composite?
True
Is 193081 a prime number?
False
Is 1543 a prime number?
True
Is 244907 a prime number?
False
Is 45763 prime?
True
Is 2879 a prime number?
True
Is 873173 composite?
True
Is 630371 composite?
True
Is 15967 a composite number?
True
Is 215 a composite number?
True
Is 523097 composite?
False
Is 110938 composite?
True
Is 14741 prime?
True
Is 10807 composite?
True
Is 265 a prime number?
False
Is 1966 a prime number?
False
Is 510407 a composite number?
True
Is 99707 a composite number?
False
Is 30809 composite?
False
Is 71966 composite?
True
Is 636527 prime?
False
Is 108299 composite?
True
Is 4831 a prime number?
True
Is 33599 composite?
False
Is 98317 prime?
True
Is 12689 a prime number?
True
Is 4583 composite?
False
Is 333539 prime?
True
Is 1399 composite?
False
Is 247759 prime?
True
Is 18743 a composite number?
False
Is 31918 a composite number?
True
Is 196379 a prime number?
True
Is 533777 a prime number?
True
Is 94567 prime?
False
Is 3227 a composite number?
True
Is 77 prime?
False
Is 99079 a prime number?
True
Is 233113 composite?
False
Is 32927 composite?
True
Is 40323 a prime number?
False
Is 166633 composite?
True
Is 83935 prime?
False
Is 1130737 prime?
True
Is 2274443 a composite number?
True
Is 147617 a prime number?
True
Is 812137 a prime number?
True
Is 171929 composite?
False
Is 3017 prime?
False
Is 36251 a composite number?
False
Is 53349 a composite number?
True
Is 16241 prime?
False
Is 57347 composite?
False
Is 176153 a composite number?
False
Is 882823 a composite number?
False
Is 13229 a prime number?
True
Is 232501 a composite number?
True
Is 92111 composite?
False
Is 1973 prime?
True
Is 38039 prime?
True
Is 45233 composite?
False
Is 19553 composite?
False
Is 2457563 a prime number?
True
Is 5923 prime?
True
Is 17191 composite?
False
Is 15527 a composite number?
False
Is 38501 prime?
True
Is 44953 prime?
True
Is 7717 prime?
True
Is 74393 prime?
False
Is 25969 a composite number?
False
Is 20789 prime?
True
Is 100733 a prime number?
True
Is 884881 a composite number?
False
Is 1639 a composite number?
True
Is 263843 a prime number?
True
Is 481793 a composite number?
True
Is 3847 composite?
False
Is 369273 a composite number?
True
Is 1330319 a composite number?
True
Is 1271 a prime number?
False
Is 873781 prime?
True
Is 155813 a composite number?
True
Is 1500473 composite?
True
Is 26149 a composite number?
True
Is 144289 a prime number?
True
Is 1523 a composite number?
False
Is 1090681 composite?
False
Is 45827 composite?
False
Is 35201 composite?
False
Is 5513 a composite number?
True
Is 197209 prime?
False
Is 1973 composite?
False
Is 18493 composite?
False
Is 163 prime?
True
Is 700301 composite?
True
Is 254839 a composite number?
True
Is 89041 a composite number?
False
Is 216097 a prime number?
False
Is 1961 composite?
True
Is 115567 prime?
False
Is 48149 a composite number?
True
Is 631 composite?
False
Is 21001 prime?
True
Is 12283 prime?
False
Is 100733 prime?
True
Is 27427 a composite number?
False
Is 770741 a prime number?
True
Is 4327 composite?
False
Is 4955 a composite number?
True
Is 245807 a composite number?
True
Is 6541 prime?
False
Is 193345 composite?
True
Is 6883 a prime number?
True
Is 33961 a prime number?
True
Is 21709 a composite number?
True
Is 27629 a prime number?
False
Is 50923 composite?
False
Is 5137 prime?
False
Is 3109 a composite number?
False
Is 339023 prime?
True
Is 67601 prime?
True
Is 207709 composite?
False
Is 16057 a composite number?
False
Is 26119 prime?
True
Is 254699 composite?
False
Is 714673 a composite number?
False
Is 19961 prime?
True
Is 358181 composite?
False
Is 594977 a composite number?
False
Is 187009 prime?
True
Is 22691 composite?
False
Is 171443 prime?
False
Is 806159 a composite number?
False
Is 61647 a composite number?
True
Is 215561 a prime number?
False
Is 21911 a prime number?
True
Is 16141 a prime number?
True
Is 299603 a composite number?
False
Is 438467 a composite number?
False
Is 579407 composite?
False
Is 48769 a composite number?
True
Is 157397 prime?
False
Is 328961 a composite number?
False
Is 371023 prime?
False
Is 927427 prime?
False
Is 452441 composite?
True
Is 1901 prime?
True
Is 355 a composite number?
True
Is 39341 a composite number?
False
Is 1107989 a composite number?
False
Is 19793 a prime number?
True
Is 1097 a prime number?
True
Is 28807 a prime number?
True
Is 15689 prime?
False
Is 2939 composite?
False
Is 369283 prime?
True
Is 422146 a prime number?
False
Is 21667 a composite number?
True
Is 40471 a prime number?
True
Is 21247 a prime number?
True
Is 13649 composite?
False
Is 1073 a composite number?
True
Is 10369 composite?
False
Is 170615 composite?
True
Is 58309 a prime number?
True
Is 756749 composite?
True
Is 413657 a composite number?
True
Is 23497 a prime number?
True
Is 1418813 prime?
False
Is 40537 a composite number?
True
Is 55021 a composite number?
False
Is 282559 a composite number?
False
Is 209093 a prime number?
False
Is 146209 prime?
False
Is 24749 a composite number?
False
Is 19937 composite?
False
Is 1847 a prime number?
True
Is 13507 prime?
False
Is 59834 prime?
False
Is 150763 a composite number?
True
Is 81811 prime?
False
Is 230611 a composite number?
False
Is 606997 a prime number?
True
Is 502919 a composite number?
False
Is 5639 prime?
True
Is 501447 a composite number?
True
Is 44729 prime?
True
Is 35359 a composite number?
True
Is 2425073 a composite number?
True
Is 14243 prime?
True
Is 18899 prime?
True
Is 25439 a composite number?
False
Is 181819 prime?
False
Is 655 a composite number?
True
Is 53477 a prime number?
False
Is 43294 a composite number?
True
Is 798053 prime?
False
Is 39731 composite?
True
Is 643129 prime?
True
Is 15787 a composite number?
False
Is 79481 composite?
False
Is 656023 a composite number?
False
Is 4411 composite?
True
Is 44483 a composite number?
False
Is 78609 a composite number?
True
Is 4104709 a composite number?
True
Is 821 a prime number?
True
Is 835 composite?
True
Is 2067187 a composite number?
False
Is 47001 prime?
False
Is 13645 a composite number?
True
Is 8579 composite?
True
Is 10487 a prime number?
True
Is 251789 prime?
True
Is 699823 composite?
False
Is 16619 composite?
False
Is 17431 a composite number?
False
Is 1589083 prime?
True
Is 357917 composite?
True
Is 2767 a prime number?
True
Is 10061 composite?
False
Is 8573 composite?
False
Is 377681 prime?
True
Is 253987 prime?
True
Is 85721 composite?
True
Is 1223 a prime number?
True
Is 41803 composite?
True
Is 7829 a composite number?
False
Is 1067 a composite number?
True
Is 647789 prime?
True
Is 271393 prime?
True
Is 1897823 a prime number?
True
Is 16871 prime?
True
Is 31643 a prime number?
True
Is 30787 prime?
False
Is 3953 prime?
False
Is 26791 prime?
False
Is 32903 composite?
True
Is 1507937 prime?
False
Is 1397 composite?
True
Is 65629 prime?
True
Is 20849 a composite number?
False
Is 10037 composite?
False
Is 7621 a composite number?
False
Is 90845 a prime number?
False
Is 16253 a composite number?
False
Is 237991 a prime number?
False
Is 258389 prime?
True
Is 1710923 a prime number?
True
Is 6707 prime?
False
Is 7417 a prime number?
True
Is 3649 a prime number?
False
Is 10599 a composite number?
True
Is 123167 composite?
True
Is 6833 a composite number?
False
Is 1909 composite?
True
Is 38113 prime?
True
Is 20533 a composite number?
False
Is 3109 a prime number?
True
Is 1029247 a composite number?
False
Is 53353 composite?
False
Is 3176695 a prime number?
False
Is 548591 prime?
True
Is 4181 a composite number?
True
Is 1067 a composite number?
True
Is 14395 composite?
True
Is 114313 a composite number?
True
Is 32537 a prime number?
True
Is 32579 a composite number?